e highest common factor of 18 and 6822.
18
What is the greatest common divisor of 37 and 74?
37
What is the greatest common factor of 12137 and 53?
53
Calculate the highest common divisor of 50 and 2510.
10
Calculate the greatest common divisor of 27 and 7803.
27
Calculate the highest common divisor of 40 and 5200.
40
Calculate the greatest common divisor of 180 and 660.
60
What is the greatest common divisor of 244 and 52?
4
Calculate the greatest common divisor of 46 and 92.
46
Calculate the greatest common divisor of 14 and 5208.
14
What is the greatest common factor of 46 and 2?
2
What is the highest common factor of 195 and 45?
15
What is the greatest common factor of 42 and 2541?
21
What is the highest common divisor of 148 and 4?
4
Calculate the highest common divisor of 1273 and 133.
19
Calculate the greatest common divisor of 127893 and 89.
89
What is the highest common factor of 9211 and 61?
61
Calculate the greatest common factor of 12 and 45.
3
Calculate the greatest common factor of 1495 and 65.
65
What is the greatest common divisor of 182 and 702?
26
What is the highest common divisor of 6 and 222?
6
What is the highest common factor of 164 and 41?
41
What is the highest common divisor of 8 and 9764?
4
What is the greatest common divisor of 324 and 12?
12
Calculate the highest common divisor of 2070 and 234.
18
Calculate the highest common factor of 76 and 5738.
38
What is the greatest common factor of 16 and 88?
8
What is the greatest common factor of 4671 and 54?
27
Calculate the greatest common divisor of 4112 and 16.
16
Calculate the highest common factor of 4 and 34.
2
What is the greatest common divisor of 354 and 1652?
118
What is the greatest common divisor of 3564 and 1458?
162
What is the highest common divisor of 300 and 160?
20
What is the highest common factor of 4 and 5?
1
What is the greatest common divisor of 512 and 64?
64
Calculate the greatest common divisor of 1 and 23.
1
Calculate the highest common divisor of 16 and 3088.
16
What is the greatest common factor of 392 and 14700?
196
What is the greatest common factor of 425 and 25?
25
What is the highest common divisor of 15 and 405?
15
Calculate the greatest common divisor of 369 and 63.
9
What is the highest common factor of 16591 and 47?
47
Calculate the greatest common divisor of 1442 and 14.
14
Calculate the highest common divisor of 7638 and 1809.
201
Calculate the greatest common divisor of 41 and 41.
41
What is the highest common factor of 126 and 350?
14
Calculate the greatest common factor of 14 and 63.
7
Calculate the greatest common factor of 4249 and 84.
7
What is the greatest common factor of 2413 and 19?
19
What is the highest common divisor of 120 and 8535?
15
What is the highest common divisor of 879 and 6?
3
What is the highest common divisor of 5947 and 76?
19
Calculate the highest common factor of 90 and 15.
15
Calculate the greatest common divisor of 90 and 105.
15
Calculate the greatest common divisor of 22 and 14234.
22
What is the highest common factor of 203 and 145?
29
Calculate the greatest common divisor of 4 and 474.
2
Calculate the greatest common divisor of 1920 and 280.
40
Calculate the highest common divisor of 506 and 12397.
253
Calculate the greatest common divisor of 30 and 1335.
15
What is the greatest common factor of 36 and 13620?
12
Calculate the highest common divisor of 137 and 685.
137
Calculate the greatest common divisor of 180 and 125.
5
Calculate the greatest common factor of 156 and 39.
39
Calculate the highest common divisor of 20706 and 87.
87
What is the greatest common divisor of 11296 and 32?
32
What is the highest common divisor of 1 and 128?
1
Calculate the highest common factor of 2026 and 2.
2
Calculate the highest common divisor of 11036 and 2492.
356
Calculate the greatest common divisor of 142 and 213.
71
Calculate the greatest common factor of 47 and 2303.
47
Calculate the highest common factor of 19635 and 231.
231
Calculate the highest common factor of 340 and 85.
85
Calculate the highest common factor of 4 and 772.
4
What is the highest common factor of 36 and 3636?
36
Calculate the highest common divisor of 7 and 280.
7
What is the greatest common factor of 448 and 848?
16
What is the greatest common divisor of 845 and 260?
65
Calculate the highest common divisor of 1952 and 183.
61
Calculate the highest common divisor of 136 and 16.
8
Calculate the greatest common divisor of 165 and 4323.
33
What is the greatest common divisor of 45 and 15?
15
What is the greatest common divisor of 32 and 272?
16
Calculate the highest common factor of 793 and 52.
13
What is the highest common factor of 2 and 17?
1
Calculate the highest common divisor of 1269 and 47.
47
What is the highest common factor of 2496 and 768?
192
What is the greatest common divisor of 20 and 12?
4
What is the highest common divisor of 1911 and 468?
39
Calculate the greatest common divisor of 975 and 39.
39
Calculate the greatest common divisor of 396 and 384.
12
Calculate the highest common divisor of 52 and 1313.
13
What is the highest common factor of 121 and 11?
11
What is the greatest common factor of 3608 and 440?
88
What is the greatest common divisor of 49 and 133?
7
What is the highest common factor of 374 and 968?
22
Calculate the greatest common factor of 1332 and 1184.
148
What is the greatest common factor of 987 and 45731?
329
What is the greatest common factor of 6 and 1002?
6
Calculate the greatest common divisor of 64 and 448.
64
Calculate the highest common factor of 182 and 56.
14
What is the highest common factor of 32 and 1508?
4
Calculate the greatest common factor of 124 and 310.
62
Calculate the greatest common divisor of 26 and 221.
13
What is the greatest common factor of 42 and 42?
42
Calculate the greatest common divisor of 473 and 22.
11
What is the highest common factor of 64 and 14456?
8
Calculate the highest common divisor of 640 and 15.
5
Calculate the greatest common factor of 7254 and 39.
39
What is the greatest common factor of 2 and 754?
2
What is the highest common divisor of 68 and 544?
68
What is the greatest common divisor of 15 and 708?
3
Calculate the highest common factor of 572 and 13.
13
Calculate the highest common divisor of 228 and 60.
12
Calculate the highest common divisor of 604 and 453.
151
Calculate the greatest common factor of 1343 and 7031.
79
Calculate the greatest common factor of 33 and 88.
11
What is the greatest common factor of 9 and 1008?
9
Calculate the highest common divisor of 125 and 10.
5
Calculate the greatest common factor of 12 and 1986.
6
Calculate the highest common factor of 80 and 460.
20
What is the greatest common divisor of 330 and 22?
22
Calculate the highest common divisor of 35 and 260.
5
Calculate the highest common factor of 1110 and 510.
30
What is the highest common factor of 9185 and 220?
55
What is the greatest common divisor of 1679 and 46?
23
What is the greatest common divisor of 60 and 620?
20
Calculate the greatest common divisor of 156 and 786.
6
Calculate the greatest common factor of 7670 and 236.
118
Calculate the greatest common factor of 228 and 24.
12
Calculate the greatest common factor of 44 and 6.
2
What is the greatest common factor of 12 and 1212?
12
Calculate the greatest common divisor of 136 and 68.
68
What is the greatest common divisor of 1804 and 1364?
44
Calculate the highest common factor of 85 and 5440.
85
What is the greatest common factor of 14606 and 436?
218
Calculate the highest common factor of 132 and 572.
44
Calculate the greatest common factor of 21 and 735.
21
Calculate the greatest common factor of 1 and 8148.
1
What is the highest common divisor of 21 and 567?
21
What is the highest common divisor of 20 and 12260?
20
What is the greatest common factor of 45124 and 116?
116
What is the highest common factor of 3182 and 86?
86
What is the greatest common divisor of 605 and 5?
5
Calculate the greatest common factor of 1859 and 91.
13
Calculate the highest common factor of 44 and 1.
1
Calculate the highest common divisor of 622 and 2.
2
What is the highest common divisor of 24609 and 39?
39
What is the highest common factor of 462 and 24?
6
Calculate the highest common divisor of 98 and 294.
98
What is the high